 composite number?
True
Is 3677341667 a prime number?
True
Is 323654642 a prime number?
False
Is 490943483 a composite number?
False
Is 310243445 a composite number?
True
Is 1119322577 a prime number?
False
Is 4054914497 a prime number?
True
Is 23366390111 a composite number?
True
Is 25593599509 a composite number?
False
Is 321642609 composite?
True
Is 12843914917 a composite number?
True
Is 338686669 composite?
True
Is 1024575557 prime?
True
Is 91513283 composite?
False
Is 190788942193 composite?
False
Is 7522246909 a prime number?
False
Is 691795201 a composite number?
False
Is 982049899 composite?
True
Is 29876542837 composite?
True
Is 342543277 prime?
False
Is 745224121 composite?
True
Is 7088190829 composite?
False
Is 3219812207 prime?
True
Is 933878303 composite?
True
Is 5613540997 composite?
True
Is 5536326931 composite?
False
Is 54167281193 prime?
False
Is 3077839673 prime?
True
Is 3563867441 a prime number?
True
Is 143658757563 a composite number?
True
Is 16346701039 prime?
True
Is 44542867741 a prime number?
True
Is 1867425863 composite?
False
Is 3886608413 prime?
False
Is 15140670119 prime?
True
Is 1851608707 composite?
True
Is 7337617355 composite?
True
Is 20095739461 composite?
True
Is 208100733 a prime number?
False
Is 130444477 a prime number?
False
Is 249336571 composite?
True
Is 4910681627 composite?
False
Is 821770309 composite?
False
Is 20500716517 a prime number?
False
Is 19588430989 prime?
True
Is 6985274587 a prime number?
False
Is 242936723 composite?
True
Is 18126776417 a composite number?
False
Is 309443371 prime?
True
Is 16703361251 a composite number?
False
Is 1917836813 a prime number?
False
Is 148907069 composite?
True
Is 1887858287 prime?
False
Is 12953839433 a composite number?
False
Is 2413279873 prime?
True
Is 687466847 a prime number?
False
Is 16522961489 a prime number?
False
Is 4165384339 a composite number?
True
Is 11033100761 composite?
True
Is 6686644271 composite?
True
Is 6260964349 a prime number?
True
Is 510564667 prime?
True
Is 196795129 composite?
True
Is 1024820609 a prime number?
False
Is 4921832431 a composite number?
True
Is 5127922543 a composite number?
True
Is 2677189247 prime?
True
Is 74565805123 prime?
True
Is 1137771365 prime?
False
Is 228177111001 composite?
True
Is 1083749185 a prime number?
False
Is 1997371357 composite?
False
Is 8253962837 a composite number?
False
Is 72924310714 composite?
True
Is 35837107 composite?
False
Is 473453129 a composite number?
False
Is 5839458491 composite?
True
Is 8157607111 a prime number?
True
Is 293934917 prime?
False
Is 5474318119 a composite number?
False
Is 12005523379 composite?
False
Is 13977840857 composite?
True
Is 870388657 composite?
False
Is 332627861 composite?
True
Is 12609056201 a prime number?
False
Is 42009266137 a prime number?
False
Is 48708281 composite?
True
Is 1716795161 composite?
True
Is 2171231747 prime?
False
Is 69272601149 a composite number?
False
Is 316247047 a composite number?
False
Is 8570307937 prime?
False
Is 8368119293 prime?
False
Is 117725381339 a composite number?
False
Is 118670483 prime?
True
Is 9616358483 prime?
False
Is 27533228845 a prime number?
False
Is 546531833 composite?
False
Is 132047301907 composite?
False
Is 605094793 a prime number?
True
Is 51464257 composite?
True
Is 14025282587 a composite number?
True
Is 2107694029 composite?
True
Is 1710977353 a composite number?
True
Is 638785199 a composite number?
True
Is 536117413 a prime number?
False
Is 16250093 prime?
True
Is 43558181785 a prime number?
False
Is 29361838619 a prime number?
False
Is 1511027809 a composite number?
True
Is 509056469 prime?
False
Is 350586433 composite?
True
Is 350521421 a composite number?
True
Is 32790673079 prime?
True
Is 1251875473 a prime number?
True
Is 64543563221 composite?
False
Is 9891339803 composite?
True
Is 7822169987 a prime number?
False
Is 217532033 a prime number?
False
Is 2743582703 composite?
False
Is 5556251 composite?
False
Is 343918621 a prime number?
True
Is 187459409 composite?
False
Is 306995519 a composite number?
True
Is 89338334 composite?
True
Is 795666317 prime?
False
Is 6692964301 prime?
False
Is 1065378479 a prime number?
False
Is 35913145 a prime number?
False
Is 23470701437 a composite number?
False
Is 3954150493 a prime number?
False
Is 421127101 a prime number?
True
Is 63955723187 prime?
True
Is 1637659823 a composite number?
True
Is 7366656235 prime?
False
Is 120041295617 prime?
False
Is 24709249 prime?
False
Is 109707049 a prime number?
True
Is 3351336502 composite?
True
Is 685081411 a prime number?
False
Is 24748052851 a prime number?
True
Is 276217631 a prime number?
True
Is 5351105999 prime?
True
Is 80297621821 a composite number?
True
Is 4875867177 prime?
False
Is 595833123 a prime number?
False
Is 874552079 a composite number?
False
Is 5198433433 composite?
False
Is 2806276685 prime?
False
Is 285154181 prime?
False
Is 125522857 a prime number?
True
Is 4808346383 a composite number?
True
Is 4917479 a prime number?
False
Is 86749510697 composite?
True
Is 1009738237 prime?
True
Is 9301027 composite?
True
Is 884438441 prime?
False
Is 323162733 composite?
True
Is 10741816391 prime?
True
Is 13906214879 prime?
False
Is 1611225863 a composite number?
True
Is 7483655681 a prime number?
True
Is 207184004603 composite?
False
Is 135008741 a prime number?
False
Is 30946420621 composite?
False
Is 15128603693 a composite number?
True
Is 169305959 composite?
True
Is 2599385441 prime?
True
Is 2390207431 composite?
True
Is 679375111 composite?
False
Is 67819235951 a composite number?
True
Is 11198532547 a prime number?
True
Is 6926623289 a prime number?
False
Is 113361212962 a composite number?
True
Is 58354297679 a prime number?
True
Is 92527608133 a composite number?
True
Is 3214784435 prime?
False
Is 53710911677 a composite number?
True
Is 5817450181 composite?
False
Is 6810497809 a prime number?
False
Is 513526399 a composite number?
False
Is 28116620003 a prime number?
True
Is 925702307 a composite number?
True
Is 5304063877 composite?
True
Is 66564215053 a prime number?
False
Is 113818947239 a composite number?
False
Is 546119381 composite?
False
Is 2535347489 composite?
False
Is 204408049 a prime number?
True
Is 30698854999 a composite number?
False
Is 86546746817 composite?
True
Is 1472950999 a prime number?
False
Is 173813911 prime?
True
Is 1276027609 a prime number?
False
Is 2467466567 composite?
True
Is 2996235089 composite?
True
Is 35969462597 a composite number?
True
Is 9684800449 a prime number?
False
Is 1112250877 a prime number?
True
Is 5348947691 a prime number?
True
Is 23006873419 prime?
True
Is 2737243169 prime?
True
Is 1435370693 a prime number?
True
Is 28218301919 composite?
True
Is 1385210369 a composite number?
False
Is 50415043709 a composite number?
False
Is 2039472437 a composite number?
True
Is 328176361 prime?
True
Is 4760328269 a composite number?
False
Is 6136409 prime?
False
Is 27550630493 prime?
True
Is 5911896173 composite?
True
Is 72460501117 a prime number?
False
Is 201338713 a composite number?
False
Is 12234672001 a composite number?
False
Is 11285622059 a composite number?
True
Is 36447853753 prime?
False
Is 32523867277 a composite number?
True
Is 548369291 composite?
False
Is 2053728113 prime?
False
Is 9884697287 a composite number?
False
Is 219471347 prime?
True
Is 168985823 composite?
False
Is 3543317513 composite?
False
Is 4657769917 composite?
False
Is 29989798841 a prime number?
False
Is 1038828943 a prime number?
True
Is 9688115849 a composite number?
False
Is 1366362331 a prime number?
False
Is 17411211091 a prime number?
True
Is 1508652923 composite?
False
Is 34244315851 composite?
True
Is 1297674347 a prime number?
True
Is 29915978461 composite?
True
Is 117133094567 a prime number?
False
Is 8078253685 a composite number?
True
Is 281525953627 composite?
False
Is 335955014 a composite number?
True
Is 109139986 a prime number?
False
Is 493301957 prime?
True
Is 3241949507 prime?
False
Is 51094703021 prime?
False
Is 7634428159 a composite number?
True
Is 3230293993 prime?
True
Is 3435569563 a composite number?
False
Is 2148119473 a prime number?
False
Is 866297501 prime?
False
Is 20828240759 prime?
False
Is 47862334829 a prime number?
False
Is 12960684277 co